 (-2 - (1 - 2))?
3
What is the value of 33 + 174 + -199 + 2 + (2 - (1 - -80))?
-69
Calculate 66 + -197 + 136 - 117.
-112
Evaluate 53 - (9 - -11) - (-2 + 10).
25
Evaluate (-1 - -9) + 204 + -219 - (8 + -5 - -46).
-56
What is 77 + (17 + 1 - 3) + (-78 - (-35 + -40))?
89
(-3 - (10 + -27) - 71) + (-2 + 6 - 5)
-58
4 + -29 + (9 - (1 + (5 - 3) + 4))
-23
Calculate (0 - 18) + (11 - (-34 - -34)) + -21.
-28
Evaluate 13 + -8 + 34 - (-50 - -32).
57
Evaluate -2 + -5 - -2 - (-68 + (-27 - -133)).
-43
Evaluate 6 + (11 - (7 + 2)) - (-2 - 60 - -1).
69
Evaluate (13 + 4 - 6 - -4) + 13 + 0 + -23.
5
What is (-7 - -52) + (14 - 14) + -7?
38
(4 - 11 - 27) + (64 - 55)
-25
Evaluate -20 + 8 - (-170 + 119).
39
What is -15 + 21 + -12 + -3 + -19 + 58?
30
What is 14 - (-59 + 106 + -12)?
-21
Evaluate (-43 - (-94 - -39)) + 25.
37
Calculate -20 + 0 - (-12 + 13) - (37 - (-17 - -63)).
-12
What is the value of (65 - (-28 + 5)) + -13 + -4 + -19?
52
(16 - (18 + -11)) + -19 - (-96 + 0)
86
Calculate (-272 + 258 - (8 + 1 + 0)) + -13.
-36
Calculate -10 + 14 + 4 + -25 + -5 + -105.
-127
What is 7 + -34 + (-16 - -39) + 54?
50
70 - (-20 + 182 + -48)
-44
What is the value of -12 + 12 - (-18 - 84) - (-4 + 6 + -2)?
102
Evaluate 437 - 374 - (1 - -16).
46
What is the value of -6 - (18 - -30 - 42)?
-12
2 + (11 + -2 - (-69 - (19 + -25 - 13)))
61
-15 + 42 + -17 + -8
2
Calculate (0 - 0) + (-5 - ((-4 - 4) + -73) - 9).
67
Evaluate -75 - (15 + 0 - (10 + 6 + -4)).
-78
Evaluate (48 - ((5 - (10 + -6)) + 2)) + -3 + 6.
48
What is 122 + -16 + -110 + -4 + (2 - 2)?
-8
Evaluate -45 + -13 + (32 + -15 - -11).
-30
What is the value of -75 + 82 - (29 - 0) - -52?
30
Calculate (-10 - -4) + -4 - (10 - (2 + -2)).
-20
Calculate 0 + 63 + (8 + -14 - -21 - -2) + -18.
62
Calculate -5 + (-17 - (-125 + 0 + -15)) + 12 + 3.
133
What is the value of 125 - (101 - 53) - 45?
32
What is the value of (1 - ((-3 - 4) + 13)) + -6?
-11
What is the value of 34 - 11 - (-661 - -751)?
-67
What is -4 + -22 - (34 + -10 + 11)?
-61
What is -29 + (31 - (30 + 30)) + -2 + 1 + 8?
-51
Calculate -3 + (-1 - -14) - ((-14 - -26) + -3 - 11).
12
15 - (1 + 7 + 1 + -78) - (-8 + 5)
87
What is the value of -191 - -178 - (8 - -14)?
-35
What is the value of (-143 - 1) + (2686 - 2566)?
-24
Calculate -210 + 115 - (14 + -39).
-70
-9 - (31 + (18 - (17 + 3)) + (-1 - 8))
-29
What is the value of 8 + (11 - (-39 - -8)) + (-10 - -7)?
47
What is the value of -11 + -9 + 4 + 10 + (-75 - -14)?
-67
Evaluate 24 - 0 - (2986 + -2965).
3
Evaluate 8 + 20 + (-81 - 18).
-71
What is the value of 1 + -49 - (-3745 + 3690)?
7
Evaluate 14 + (11 - (11 - (-1 - -3) - (-1167 - -1087))).
-64
Evaluate -53 - (-20 + (-38 - 4)).
9
What is 8 + -163 + 113 + -67?
-109
35 + (2 - (-8 + -5 + 15 - (5 - 7)))
33
What is -35 - (-2 + -1) - ((21 - (-18 + 27)) + -10)?
-34
What is 105 + -74 - 8 - 136?
-113
What is -8 - -2 - 4 - (21 + 18 - 15)?
-34
What is -6 + -12 - (2 - ((-18 - 3) + 15))?
-26
What is the value of -76 + (68 - -65) + -117?
-60
(-4 - -3) + -11 - (-6 + 11)
-17
What is the value of 29 + (-19 + -19 + 16 + 2 - -7)?
16
Calculate 22 + ((3 - 11) + -3 + 0 - -9).
20
Calculate -9 + -87 + 64 + -24.
-56
Calculate 1 + -3 + 8 + (-195 - -186) + 53 + -1.
49
Calculate -1 + -2 + 32 + -11387 + 11349.
-9
Calculate -45 - (-2 + (12 - -2) + -1 + -16).
-40
Calculate -9 - (6 - 78) - -8.
71
Evaluate -6 + 3 + -1 - (5475 + -5492).
13
Evaluate (39 + -115 - -254) + -76.
102
What is 17 + (33 - 83) - -62?
29
(-2 - 11) + (5 + 101 - (1 - -13))
79
What is the value of -119 - -23 - -27 - -9 - -4?
-56
2 + 5 - (22 - 1) - -23
9
-32 - -1 - (57 - -71 - 116)
-43
What is (-1 - -5) + 0 - (10 + -1 - (-219 - -294))?
70
Evaluate (12 - -7) + -12 + 3 - 6.
4
What is -3 + (10 + -21 + 5 - -11 - (-2 - 18))?
22
-35 + 44 + (3 - -1) + (39 - 52)
0
((-12 - -4) + (8 - 9) - (-14 + 1)) + -40
-36
2 + (9 - (-6 + 3)) - (458 - 472)
28
Evaluate 35 - (224 - 87 - 63).
-39
What is -2 + 5 + 110 + -81?
32
What is 3 - (-8 - (-8 - (-2 - 4))) - (-40 + 34)?
15
What is 58 + (1 + -26 - (-45 + -97 + 111))?
64
Evaluate (-57 - -19) + 7 + (-8 - -13).
-26
What is the value of 5 - (-1 + 3 + 1) - -51?
53
What is the value of 19 - (16 - (-14 + -7 + 28))?
10
What is the value of 8 - -2 - 30 - (-123 - -100)?
3
Evaluate (1 - 64) + 9300 + -9216.
21
What is the value of 48 - (31 + -62 + 25)?
54
What is the value of (2 - 2) + 3 + (-62 + 61 - (-1 - -32))?
-29
What is -18 - (51 - (36 - -36))?
3
Calculate (3 - (-1 - 7)) + (-57 - -58 - (25 - 1)).
-12
What is (-700 - -700) + (2 - -69)?
71
Evaluate 98 + -61 - 27 - (0 + -16 + 2).
24
What is the value of -95 + (157 - (-112 - -43))?
131
Evaluate (15 - (-62 + 41 - 80)) + -26.
90
Evaluate -69 - (-54 - (-22 - -34)).
-3
Calculate (53 - (-8 - (0 + -33))) + -50.
-22
Evaluate -34 + (1 - (-9 + -8 + 15) - 6).
-37
What is 140 - (1 - 2 - (-1734 + 1707))?
114
What is (0 - -23) + 837 + -827?
33
What is (-9 - -16 - 6) + (-6 - 1) + (35 - -22)?
51
Evaluate (42 - 40) + -20 + 59.
41
-97 - 0 - (4472 - 4622)
53
Calculate 9 + -8 + -3 + 93 - 24.
67
What is the value of 9 + -12 + (7 - -6) + -10?
0
What is (-11 - -24) + (-16 - (-7 + (-38 - -17)))?
25
What is (-8 + 1 - (-7 + -3) - 14) + -6 + 0?
-17
What is the value of 10 - 1 - (-1 + 1) - (125 - 7 - 96)?
-13
What is the value of -36 + (101 - 12) + -2 + 2 + -14?
39
What is the value of (34 - (54 - 88)) + -92?
-24
What is the value of 3 + 2 + (-39 + (-35 - -7) - -19)?
-43
What is 23 - (58 - 19 - -16) - 5?
-37
What is 54 + (99 - 188) + 81?
46
1 + 11 + (5 - (-24 - 8 - 3))
52
What is the value of (5 - 3) + (-44 + 5 - -8) - -2?
-27
Evaluate -13 + ((15 - -3) + 1 - 6) - 11.
-11
Evaluate -17 - ((-8 - (-11 - -4)) + 4 - 5).
-15
Evaluate 0 + -2 - (-65 + 115 + -39 + -56 + 0).
43
-61 - (-3 + -91 + 40)
-7
What is the value of -10952 + 10899 - (-1 - -6 - (0 + 0 + 2))?
-56
Evaluate (-1 - -9) + (-23 - (-48 + (-17 - -22))).
28
What is the value of -20 + -78 + 0 + 61?
-37
(47 - 67) + (1 - 1) + -2 + 14 + 49
41
What is ((-43 - -48) + -12 - (47 - 1)) + -14?
-67
-29 - (28 - 51) - -31
25
66 + 131 + -209 + 114
102
Calculate 16 + (-98 - (-49 + -158)).
125
Evaluate (36 - (14 - (23 + -41))) + (-2 - (80 - 0)).
-78
What is 1 + -3 + -11 + (-20 - (-39 - 20 - -72))?
-46
Calculate -18 + (-15 + 39 - (-3 - 16)).
25
Evaluate -182 + (-292 - -436) + (-1 - -127).
88
Calculate 32 - (141 + -90) - (-1 - 3).
-15
-1 + 242 + -106 + -66
69
What is (-36 - (28 - 59)) + 0 + 7 + 6 - 3?
5
Evaluate -34 + -7 - (-53 - (-15 - 48)).
-51
Evaluate -27 + 4 - (-40 - 4).
21
-8 + -134 + 5 + -17 + 24 + 8
-122
What is the value of -14 + 11 + (1 - -1) + 2 + -105 + 109?
5
Calculate (-18 - -14) + ((5 - 43) + -5 - (-5 - 2)).
-40
Evaluate -79 - (-11 - (55 - 42)).
-55
What is the value of 91 + -67 + -23 + 42?
43
Calculate (4 - (-8 + 16 + 0)) + 14 - 37.
-27
Evaluate -9 - (-13 + (-3 + -14 - -29)).
-8
Calculate -5 + (-22 - (12 + -3 - -7)).
-43
-35 - (20 + 21 + -15 - 22)
-39
What is -5 - (91 + (-86 - 33))?
23
What is 62 + -1 - (-11 + -1 - 4 - (20 + -37))?
60
What is the value of 1 - 88 - (4191 - 4203)?
-75
Calculate -12 + 23 + -17 + 20 + 1 + -8 + -4.
3
Calculate (1 - 20) + -33 + 57 + 84 + 3.
92
-815 - -726 - (-31 + -2)
-56
25 + (45 - 36) + 3 + -13
24
(0 - 1) + 19 - 1 - (177 - 9 - 171)
20
Calculate (-10024 - -10055) + 0 + 0.
31
(134 - 132 - (-4 + -1)) + (3 - -2)
12
Evaluate 64 + (-30 - (-15 - (38 - 7))).
80
(-3 - (-35 - -2) - (1147 + -1127)) + (31 - 1)
40
What is the value of 0 + -68 + (18 - -2 - (-285 - -298))?
-61
What is the value of -3 + -9 - 62 - 15 - (0 - 8 - -21)?
-102
Calculate 39 - (-2 + 32 + 6).
3
Calculate 53 - ((10 - -19) + -22).
46
What is 56 + (-3 - -3) - (-872 - -863)?
65
What is 11 - (11 - (58 - 45) - (20 + -2))?
31
(133 - -55) + -121 - (1 - 16)
82
-73 - (1 + -4 + (-50 - (-67 + 13)))
-74
Evaluate -5 - (-10 + 1 + 11 + -8 - -31).
-30
Evaluate 17 + (39 - (25 - 9)) - -20.
60
182 + -79 - (7 - -48)
48
(-9 + 5 + 11 - (8 - 2)) + (-4 - 42)
-45
What is the value of 88 + -70 + 13 - (3 + -89)?
117
-17 - (28 + -39 + (2 - 3)) - 37
-42
Calculate 5 + -48 + 45 + 35.
37
What is 32 + 0 + -19 + (-22 - -15) - (-1 - -108)?
-101
What is -157 - (56 + -221 - -28)?
-20
Calculate 1 + -73 + -6 + (3 + 1 - (-18 + 10)).
-66
Evaluate -51 - -16 - 30 - -54.
-11
Calculate (7 - (-8 + -1)) + 7 + 1 + 12.
36
Evaluate -18 + -26 + -74 + (1 - 1) + (0 - -8).
-110
Calculate -36 + (38 - (-50 + 46)).
6
(-12 - -30) + (-4 